{"id":11,"date":"2017-02-15T09:47:49","date_gmt":"2017-02-15T09:47:49","guid":{"rendered":"http:\/\/ahmetgokhanmutlu.av.tr\/?page_id=11"},"modified":"2020-07-02T13:58:37","modified_gmt":"2020-07-02T13:58:37","slug":"ankara-agir-ceza-avukati-ekibimiz","status":"publish","type":"page","link":"https:\/\/www.ahmetmutlu.av.tr\/index.php\/ankara-agir-ceza-avukati-ekibimiz\/","title":{"rendered":"EK\u0130B\u0130M\u0130Z"},"content":{"rendered":"<p>\t\t\t\t<strong>AHMET MUTLU HUKUK B\u00dcROSU<\/strong><\/p>\n<p><a href=\"http:\/\/www.ahmetmutlu.av.tr\/index.php\/ankara-agir-ceza-avukati-avukat-ahmet-mutlu\/\">AVUKAT AHMET MUTLU<\/a><\/p>\n<p><a href=\"http:\/\/www.ahmetmutlu.av.tr\/index.php\/ankara-agir-ceza-avukati-avukat-gulsah-mutlu\/\">AVUKAT G\u00dcL\u015eAH MUTLU<\/a><\/p>\n<p><a href=\"http:\/\/www.ahmetmutlu.av.tr\/index.php\/ankara-agir-ceza-avukati-avukat-ahmet-mutlu\/\">AVUKAT AHMET G\u00d6KHAN MUTLU<\/a><\/p>\n<p>Y\u00d6NET\u0130C\u0130 AS\u0130STANI<\/p>\n<p>B\u00dcRO ELEMANI\t\t<\/p>\n","protected":false},"excerpt":{"rendered":"<p>AHMET MUTLU HUKUK B\u00dcROSU AVUKAT AHMET MUTLU AVUKAT G\u00dcL\u015eAH MUTLU AVUKAT AHMET G\u00d6KHAN MUTLU Y\u00d6NET\u0130C\u0130 AS\u0130STANI B\u00dcRO ELEMANI<\/p>\n","protected":false},"author":1,"featured_media":0,"parent":0,"menu_order":0,"comment_status":"closed","ping_status":"closed","template":"","meta":{"footnotes":""},"class_list":["post-11","page","type-page","status-publish","hentry"],"_links":{"self":[{"href":"https:\/\/www.ahmetmutlu.av.tr\/index.php\/wp-json\/wp\/v2\/pages\/11","targetHints":{"allow":["GET"]}}],"collection":[{"href":"https:\/\/www.ahmetmutlu.av.tr\/index.php\/wp-json\/wp\/v2\/pages"}],"about":[{"href":"https:\/\/www.ahmetmutlu.av.tr\/index.php\/wp-json\/wp\/v2\/types\/page"}],"author":[{"embeddable":true,"href":"https:\/\/www.ahmetmutlu.av.tr\/index.php\/wp-json\/wp\/v2\/users\/1"}],"replies":[{"embeddable":true,"href":"https:\/\/www.ahmetmutlu.av.tr\/index.php\/wp-json\/wp\/v2\/comments?post=11"}],"version-history":[{"count":1,"href":"https:\/\/www.ahmetmutlu.av.tr\/index.php\/wp-json\/wp\/v2\/pages\/11\/revisions"}],"predecessor-version":[{"id":370,"href":"https:\/\/www.ahmetmutlu.av.tr\/index.php\/wp-json\/wp\/v2\/pages\/11\/revisions\/370"}],"wp:attachment":[{"href":"https:\/\/www.ahmetmutlu.av.tr\/index.php\/wp-json\/wp\/v2\/media?parent=11"}],"curies":[{"name":"wp","href":"https:\/\/api.w.org\/{rel}","templated":true}]}}